{"id":172,"date":"2019-05-09T22:11:07","date_gmt":"2019-05-09T22:11:07","guid":{"rendered":"http:\/\/sw-themes.com\/porto_dummy\/?page_id=172"},"modified":"2022-09-21T13:14:54","modified_gmt":"2022-09-21T16:14:54","slug":"reforcencentrifugas","status":"publish","type":"page","link":"https:\/\/www.reforcencentrifugas.com.br\/?page_id=172","title":{"rendered":"Empresa"},"content":{"rendered":"<p>[vc_row wrap_container=&#8221;yes&#8221; text_align=&#8221;center&#8221; css=&#8221;.vc_custom_1557440036352{padding-top: 6rem !important;padding-bottom: 4rem !important;}&#8221;][vc_column width=&#8221;1\/2&#8243;][vc_custom_heading text=&#8221;REFORCEN CENTR\u00cdFUGAS&#8221; font_container=&#8221;tag:h2|font_size:25|text_align:center|line_height:42px&#8221; google_fonts=&#8221;font_family:Lato%3A100%2C100italic%2C300%2C300italic%2Cregular%2Citalic%2C700%2C700italic%2C900%2C900italic|font_style:400%20regular%3A400%3Anormal&#8221; css_animation=&#8221;fadeInUp&#8221; el_class=&#8221;ls-0&#8243;][vc_column_text]<\/p>\n<div align=\"justify\">\n<p>Desde 1999 a Reforcen Centr\u00edfugas atua no mercado de separadoras centr\u00edfugas, com vendas, manuten\u00e7\u00e3o e restaura\u00e7\u00e3o de m\u00e1quinas para destilarias, fecularias, latic\u00ednios e ind\u00fastria de bebidas e \u00f3leos vegetais.<\/p>\n<p>A Reforcen oferece assist\u00eancia t\u00e9cnica, pe\u00e7as de reposi\u00e7\u00e3o, recupera\u00e7\u00e3o de pe\u00e7as, balanceamento de rotores, comercializa\u00e7\u00e3o e loca\u00e7\u00e3o de separadora centr\u00edfuga com garantia total e seguran\u00e7a assegurada de acordo com as normas dos fabricantes.<\/p>\n<p>Estamos treinados e estruturados para a execu\u00e7\u00e3o dos servi\u00e7os com total qualidade, seguindo o mais alto padr\u00e3o de exatid\u00e3o e normas em todas as etapas do processo.<\/p>\n<p>O departamento de engenharia juntamente com nosso corpo t\u00e9cnico, proporciona aos clientes a seguran\u00e7a no assessoramento e a melhor solu\u00e7\u00e3o para a instala\u00e7\u00e3o dos equipamentos visando minimizar custos e otimizar o processo.<br \/>\nA qualidade de nosso trabalho, transpar\u00eancia, compet\u00eancia e honestidade garantem a voc\u00ea o melhor servi\u00e7o e satisfa\u00e7\u00e3o.<\/p>\n<\/div>\n<p>[\/vc_column_text][\/vc_column][vc_column width=&#8221;1\/2&#8243;]<div class=\"porto-preview-image \"><span class=\"thumb-info thumb-info-preview thumb-info-preview-fixed\"><span class=\"thumb-info-wrapper\">\n\t\t<span data-src=\"\/\/www.reforcencentrifugas.com.br\/wp-content\/uploads\/2022\/09\/fachada-1.jpg\" data-image=\"\/\/www.reforcencentrifugas.com.br\/wp-content\/uploads\/2022\/09\/fachada-1.jpg\" class=\"lazy thumb-info-image\" data-plugin-lazyload data-plugin-options=\"{'appearEffect': 'animated fadeIn'}\"><\/span><i class=\"fas fa-spinner fa-spin fa-fw\"><\/i><\/span><\/span><\/div><div class=\"porto-preview-image \"><span class=\"thumb-info thumb-info-preview thumb-info-preview-fixed\"><span class=\"thumb-info-wrapper\">\n\t\t<span data-src=\"\/\/www.reforcencentrifugas.com.br\/wp-content\/uploads\/2022\/09\/fachado-2.jpg\" data-image=\"\/\/www.reforcencentrifugas.com.br\/wp-content\/uploads\/2022\/09\/fachado-2.jpg\" class=\"lazy thumb-info-image\" data-plugin-lazyload data-plugin-options=\"{'appearEffect': 'animated fadeIn'}\"><\/span><i class=\"fas fa-spinner fa-spin fa-fw\"><\/i><\/span><\/span><\/div>[\/vc_column][\/vc_row][vc_row][vc_column width=&#8221;1\/3&#8243;]<div class=\"porto-sicon-box  wpb_custom_1efe903570d178ff0a9b7bfa5febd3a4 style_1 default-icon flex-wrap\"><div class=\"porto-sicon-default\"><div class=\"porto-just-icon-wrapper porto-icon circle\" style=\"color:#e22532;background:transparent;font-size:32px;\"><i class=\"porto-icon-paper-plane\"><\/i><\/div><\/div><div class=\"porto-sicon-header\"><h3 class=\"porto-sicon-title\" style=\"\">MISS\u00c3O<\/h3><\/div> <!-- header --><div class=\"porto-sicon-description\" style=\"\">\n<div align=\"justify\">Oferecer produtos com alta tecnologia e servi\u00e7os diferenciados no seguimento de separadoras centr\u00edfugas, buscando capacita\u00e7\u00e3o e parcerias com clientes, fornecedores e colaboradores, afim de gerar maior valor e credibilidade em toda nossa cadeia produtiva, tornando-se modelo no seguimento que possam atendemos de forma plena e satisfat\u00f3ria a todos nossos clientes.<\/div>\n<p><\/div> <!-- description --><\/div><!-- porto-sicon-box -->[\/vc_column][vc_column width=&#8221;1\/3&#8243;]<div class=\"porto-sicon-box  wpb_custom_1efe903570d178ff0a9b7bfa5febd3a4 style_1 default-icon flex-wrap\"><div class=\"porto-sicon-default\"><div class=\"porto-just-icon-wrapper porto-icon circle\" style=\"color:#e22532;background:transparent;font-size:32px;\"><i class=\"fas fa-bullseye\"><\/i><\/div><\/div><div class=\"porto-sicon-header\"><h3 class=\"porto-sicon-title\" style=\"\">VIS\u00c3O<\/h3><\/div> <!-- header --><div class=\"porto-sicon-description\" style=\"\">\n<div align=\"justify\">Nos consolidar ainda mais como refer\u00eancia no mercado de centr\u00edfuga, disponibilizando produtos cada vez mais inovadores e de qualidade superior, atendendo e superando as necessidades de nossos clientes. Evoluir e crescer, sempre, promovendo o avan\u00e7o com responsabilidade \u00e9tica e s\u00f3cioambiental.<\/div>\n<p><\/div> <!-- description --><\/div><!-- porto-sicon-box -->[\/vc_column][vc_column width=&#8221;1\/3&#8243;]<div class=\"porto-sicon-box  wpb_custom_1efe903570d178ff0a9b7bfa5febd3a4 style_1 default-icon flex-wrap\"><div class=\"porto-sicon-default\"><div class=\"porto-just-icon-wrapper porto-icon circle\" style=\"color:#e22532;background:transparent;font-size:32px;\"><i class=\"fas fa-chart-line\"><\/i><\/div><\/div><div class=\"porto-sicon-header\"><h3 class=\"porto-sicon-title\" style=\"\">VALORES<\/h3><\/div> <!-- header --><div class=\"porto-sicon-description\" style=\"\">\n<div align=\"justify\">Oferecer produtos com alta tecnologia e servi\u00e7os diferenciados no seguimento de separadoras centr\u00edfugas, buscando capacita\u00e7\u00e3o e parcerias com clientes, fornecedores e colaboradores, afim de gerar maior valor e credibilidade em toda nossa cadeia produtiva, tornando-se modelo no seguimento que possam atendemos de forma plena e satisfat\u00f3ria a todos nossos clientes.<\/div>\n<p><\/div> <!-- description --><\/div><!-- porto-sicon-box -->[\/vc_column][\/vc_row]<\/p>\n","protected":false},"excerpt":{"rendered":"<p>[vc_row wrap_container=&#8221;yes&#8221; text_align=&#8221;center&#8221; css=&#8221;.vc_custom_1557440036352{padding-top: 6rem !important;padding-bottom: 4rem !important;}&#8221;][vc_column width=&#8221;1\/2&#8243;][vc_custom_heading text=&#8221;REFORCEN CENTR\u00cdFUGAS&#8221; font_container=&#8221;tag:h2|font_size:25|text_align:center|line_height:42px&#8221; google_fonts=&#8221;font_family:Lato%3A100%2C100italic%2C300%2C300italic%2Cregular%2Citalic%2C700%2C700italic%2C900%2C900italic|font_style:400%20regular%3A400%3Anormal&#8221; css_animation=&#8221;fadeInUp&#8221; el_class=&#8221;ls-0&#8243;][vc_column_text] Desde 1999 a Reforcen Centr\u00edfugas atua no mercado de separadoras centr\u00edfugas, com vendas, manuten\u00e7\u00e3o e restaura\u00e7\u00e3o de m\u00e1quinas para destilarias, fecularias, latic\u00ednios e ind\u00fastria de bebidas e \u00f3leos vegetais. A Reforcen oferece assist\u00eancia t\u00e9cnica, pe\u00e7as de reposi\u00e7\u00e3o, recupera\u00e7\u00e3o de pe\u00e7as, [&hellip;]<\/p>\n","protected":false},"author":1,"featured_media":0,"parent":0,"menu_order":0,"comment_status":"closed","ping_status":"closed","template":"","meta":{"footnotes":""},"class_list":["post-172","page","type-page","status-publish","hentry"],"_links":{"self":[{"href":"https:\/\/www.reforcencentrifugas.com.br\/index.php?rest_route=\/wp\/v2\/pages\/172"}],"collection":[{"href":"https:\/\/www.reforcencentrifugas.com.br\/index.php?rest_route=\/wp\/v2\/pages"}],"about":[{"href":"https:\/\/www.reforcencentrifugas.com.br\/index.php?rest_route=\/wp\/v2\/types\/page"}],"author":[{"embeddable":true,"href":"https:\/\/www.reforcencentrifugas.com.br\/index.php?rest_route=\/wp\/v2\/users\/1"}],"replies":[{"embeddable":true,"href":"https:\/\/www.reforcencentrifugas.com.br\/index.php?rest_route=%2Fwp%2Fv2%2Fcomments&post=172"}],"version-history":[{"count":13,"href":"https:\/\/www.reforcencentrifugas.com.br\/index.php?rest_route=\/wp\/v2\/pages\/172\/revisions"}],"predecessor-version":[{"id":339,"href":"https:\/\/www.reforcencentrifugas.com.br\/index.php?rest_route=\/wp\/v2\/pages\/172\/revisions\/339"}],"wp:attachment":[{"href":"https:\/\/www.reforcencentrifugas.com.br\/index.php?rest_route=%2Fwp%2Fv2%2Fmedia&parent=172"}],"curies":[{"name":"wp","href":"https:\/\/api.w.org\/{rel}","templated":true}]}}